{"id":1111,"date":"2013-02-27T03:15:38","date_gmt":"2013-02-27T03:15:38","guid":{"rendered":"http:\/\/www.devin.com.br\/eitch\/?page_id=1111"},"modified":"2013-02-27T01:17:17","modified_gmt":"2013-02-27T04:17:17","slug":"meus-trabalhos","status":"publish","type":"page","link":"http:\/\/www.devin.com.br\/eitch\/meus-trabalhos\/","title":{"rendered":"meus trabalhos"},"content":{"rendered":"<p>Podem ser antigos, novos, desatualizados ou n\u00e3o, estes foram alguns dos trabalhos que vim realizando ao longo dos anos&#8230;<\/p>\n<h2>palestras<\/h2>\n<p>Estou sempre refinando meu conhecimento e tentando passar isso ao p\u00fablico. Uma das boas formas de fazer isso \u00e9 ministrando palestras. Embora eu ainda seja iniciante nessa \u00e1rea (muito tempo parado = ferrugem), estou disponibilizando aqui sempre o material das palestras que fa\u00e7o, para ver se \u00e9 \u00fatil para algu\u00e9m. Bom proveito \ud83d\ude42<\/p>\n<p><strong>A Potencialidade do Software Livre no Brasil<\/strong>\u00a0: [<a href=\"http:\/\/www.devin.com.br\/arquivos\/palestras\/a_potencialidade_do_software_livre_no_brasil.sxi\">SXI<\/a>] [<a href=\"http:\/\/www.devin.com.br\/arquivos\/palestras\/a_potencialidade_do_software_livre_no_brasil.pdf\">PDF<\/a>] : Palestra ministrada durante a Segunda Jornada Tecnol\u00f3gica de Goias, organizada pelo SENAC-GO.<\/p>\n<p><strong>Empacotando com o RPM<\/strong>\u00a0: [<a href=\"http:\/\/www.devin.com.br\/arquivos\/palestras\/empacotando_com_o_rpm.odp\">ODP<\/a>] [<a href=\"http:\/\/www.devin.com.br\/arquivos\/palestras\/empacotando_com_o_rpm.sxi\">SXI<\/a>] [<a href=\"http:\/\/www.devin.com.br\/arquivos\/palestras\/empacotando_com_o_rpm.pdf\">PDF<\/a>] : Palestra do III ESLAM, fala sobre o processo de cria\u00e7\u00e3o de arquivos .spec e constru\u00e7\u00e3o de pacotes em formato RPM.<\/p>\n<p><strong>O Hist\u00f3rico do Linux no Brasil e o The Linux Manual<\/strong>: [<a href=\"http:\/\/www.devin.com.br\/arquivos\/palestras\/historico_linux_brasil_e_tlm.sxi\">SXI<\/a>] [<a href=\"http:\/\/www.devin.com.br\/arquivos\/palestras\/historico_linux_brasil_e_tlm.pdf\">PDF<\/a>] : Feito no FISL 6.0, com o objetivo de apresentar a cria\u00e7\u00e3o de um documento com a hist\u00f3ria do Linux no Brasil e a hist\u00f3ria do The Linux Manual.<\/p>\n<p><strong>Escrevendo Documenta\u00e7\u00e3o e Compartilhando Conhecimento<\/strong>: [<a href=\"http:\/\/www.devin.com.br\/arquivos\/palestras\/escrevendo_documentacao_e_compartilhando.odp\">ODP<\/a>] [<a href=\"http:\/\/www.devin.com.br\/arquivos\/palestras\/escrevendo_documentacao_e_compartilhando.sxi\">SXI<\/a>] [<a href=\"http:\/\/www.devin.com.br\/arquivos\/palestras\/escrevendo_documentacao_e_compartilhando.pdf\">PDF<\/a>] : Feito no FISL 7.0, nessa palestra eu mostrei todo o sentimento de compartilhar que a comunidade do software livre tem. E ainda uni isso ao lan\u00e7amento do The Linux Manual 4.0.<\/p>\n<p><strong>Desenvolvendo em Software Livre: Um ideal de colabora\u00e7\u00e3o<\/strong>\u00a0: [<a href=\"http:\/\/www.devin.com.br\/arquivos\/palestras\/desenvolvendo_em_sl_ideal_de_colaboracao.odp\">ODP<\/a>] [<a href=\"http:\/\/www.devin.com.br\/arquivos\/palestras\/desenvolvendo_em_sl_ideal_de_colaboracao.sxi\">SXI<\/a>] [<a href=\"http:\/\/www.devin.com.br\/arquivos\/palestras\/desenvolvendo_em_sl_ideal_de_colaboracao.pdf\">PDF<\/a>] : Feita para apresenta\u00e7\u00e3o no III Festival de Software Livre da Bahia, dizendo sobre como o desenvolvimento no software livre funciona e como devemos nos organizar em termos de comunidade, al\u00e9m de conter uma cr\u00edtica sobre tentar sempre trabalhar com o upstream.<\/p>\n<p><strong>Projeto Fedora Brasil e Fedora Core 6<\/strong>: [<a href=\"http:\/\/www.devin.com.br\/arquivos\/palestras\/fedora_brasil_e_fc6.odp\">ODP<\/a>] [<a href=\"http:\/\/www.devin.com.br\/arquivos\/palestras\/fedora_brasil_e_fc6.sxi\">SXI<\/a>] [<a href=\"http:\/\/www.devin.com.br\/arquivos\/palestras\/fedora_brasil_e_fc6.pdf\">PDF<\/a>] : Palestra feita no III Festival de Software Livre da Bahia, onde eu e Cristiano Furtado falamos sobre o projeto Fedora Brasil e demos uma pequena pr\u00e9via sobre o Fedora Core 6.<\/p>\n<h2>programas<\/h2>\n<p><a href=\"http:\/\/sourceforge.net\/projects\/phpsquidpass\/\">PHP Squid Pass<\/a>: phpSquidPass \u00e9 um utilit\u00e1rio escrito em PHP para mudar arquivos de autentica\u00e7\u00e3o de usu\u00e1rios do proxy web squid. O objetivo \u00e9 prover um meio dos usu\u00e1rios do proxy mudarem suas senhas sem ter que acessar o servidor diretamente, ou perguntar ao administrador de sistemas.<\/p>\n<p><a href=\"\/arquivos\/calculadora-complexa.html\">Calculadora JavaScript<\/a>: Esta calculadora em Javascript foi feita para servir de base para o tutorial sobre\u00a0<a href=\"\/calculadoras-javascript\/\">Como criar calculadoras em Javascript<\/a>. Decidi coloc\u00e1-la em um arquivo separado, caso seja \u00fatil em alguma coisa para algu\u00e9m.<\/p>\n<h2>tradu\u00e7\u00f5es<\/h2>\n<p>De vez em quando eu me interesso por alguma coisa, mas est\u00e1 em ingl\u00eas. Antigamente, quando eu n\u00e3o sabia ingl\u00eas, as pessoas me ajudavam. Hoje em dia, como eu aprendi ingl\u00eas (se voc\u00ea n\u00e3o aprendeu, deveria aprender, \u00e9 sempre bom), resolvo ajudar as pessoas que como eu naquela \u00e9poca, n\u00e3o sabem ingl\u00eas!<\/p>\n<p><a href=\"http:\/\/www.fedorafaq.org\">FAQ N\u00e3o-Oficial do Fedora<\/a>: Eu mantinha a vers\u00e3o em portugu\u00eas do Brasil deste FAQ at\u00e9 o Fedora Core 5, feito para atender as d\u00favidas mais comuns sobre o Fedora. A tradu\u00e7\u00e3o foi continuada por Frederico Madeira.<\/p>\n<p><a href=\"http:\/\/fedora.redhat.com\/docs\/release-notes\/\">Notas de vers\u00e3o do Fedora<\/a>: As tradu\u00e7\u00f5es para o Portugu\u00eas do Brasil das notas de vers\u00e3o da distribui\u00e7\u00e3o Fedora est\u00e1 dispon\u00edvel no site e na ISO da distribui\u00e7\u00e3o. A tradu\u00e7\u00e3o foi feita inicialmente por mim e continuada pelos colegas Diego B\u00farigo Zacar\u00e3o, L\u00edcio Fonseca e Valnir Ferreira Jr. Importante documento para orientar os usu\u00e1rios na transi\u00e7\u00e3o entre uma vers\u00e3o e outra.<\/p>\n<p><a href=\"http:\/\/fedora.redhat.com\/docs\/translation-quick-start-guide\/pt_BR\/\">Guia R\u00e1pido de Tradu\u00e7\u00e3o<\/a>: Para as pessoas que querem ajudar com tradu\u00e7\u00f5es no projeto Fedora. Posteriormente o colega Diego B\u00farigo Zacar\u00e3o tamb\u00e9m traduziu.<\/p>\n<p><a href=\"http:\/\/docs.fedoraproject.org\/yum\/pt_BR\/\">Gerenciando programas com o yum<\/a>: Tradu\u00e7\u00e3o do tutorial que ensina como utilizar o yum para instalar, remover, atualizar e gerenciar programas na distribui\u00e7\u00e3o Fedora. A tradu\u00e7\u00e3o tamb\u00e9m foi ajudada pelo colega Rodrigo Menezes.<\/p>\n<p><a href=\"http:\/\/docs.fedoraproject.org\/mirror\/pt_BR\/\">Tutorial de Espelhamento<\/a>: Tradu\u00e7\u00e3o do tutorial para criar espelhos da distribui\u00e7\u00e3o Fedora. Esta tradu\u00e7\u00e3o tamb\u00e9m foi ajudada pelo colega Diego B\u00farigo Zacar\u00e3o.<\/p>\n","protected":false},"excerpt":{"rendered":"<p>Podem ser antigos, novos, desatualizados ou n\u00e3o, estes foram alguns dos trabalhos que vim realizando ao longo dos anos&#8230; palestras Estou sempre refinando meu conhecimento e tentando passar isso ao p\u00fablico. Uma das boas formas de fazer isso \u00e9 ministrando &hellip;<\/p>\n<p class=\"read-more\"> <a class=\"more-link\" href=\"http:\/\/www.devin.com.br\/eitch\/meus-trabalhos\/\"> <span class=\"screen-reader-text\">meus trabalhos<\/span> Read More &raquo;<\/a><\/p>\n","protected":false},"author":1,"featured_media":0,"parent":0,"menu_order":0,"comment_status":"closed","ping_status":"open","template":"","meta":[],"_links":{"self":[{"href":"http:\/\/www.devin.com.br\/eitch\/wp-json\/wp\/v2\/pages\/1111"}],"collection":[{"href":"http:\/\/www.devin.com.br\/eitch\/wp-json\/wp\/v2\/pages"}],"about":[{"href":"http:\/\/www.devin.com.br\/eitch\/wp-json\/wp\/v2\/types\/page"}],"author":[{"embeddable":true,"href":"http:\/\/www.devin.com.br\/eitch\/wp-json\/wp\/v2\/users\/1"}],"replies":[{"embeddable":true,"href":"http:\/\/www.devin.com.br\/eitch\/wp-json\/wp\/v2\/comments?post=1111"}],"version-history":[{"count":4,"href":"http:\/\/www.devin.com.br\/eitch\/wp-json\/wp\/v2\/pages\/1111\/revisions"}],"predecessor-version":[{"id":1298,"href":"http:\/\/www.devin.com.br\/eitch\/wp-json\/wp\/v2\/pages\/1111\/revisions\/1298"}],"wp:attachment":[{"href":"http:\/\/www.devin.com.br\/eitch\/wp-json\/wp\/v2\/media?parent=1111"}],"curies":[{"name":"wp","href":"https:\/\/api.w.org\/{rel}","templated":true}]}}